l be 1/2 + a/4. List the prime factors of -7*(l - (-20)/(-14)).
2, 5
Let i = 5 + -1. Suppose -2*r = -i*r + 6. Let f(t) = 2*t - 2. List the prime factors of f(r).
2
Let s(i) = i**2 + 7*i + 6. Let l be s(-6). Suppose 0 = -4*t + t + 4*b + 12, l = 2*t + 3*b - 25. What are the prime factors of t?
2
Suppose -5*x + 20 = 0, -2*o + 7*o + 4*x + 29 = 0. Let n = 13 + o. Suppose 5*l - w - 21 = 18, -5*w - 27 = -n*l. What are the prime factors of l?
2
Let x(k) = -5*k**3 + k**2 + 11*k + 9. Let y(r) = -4*r**3 + 10*r + 8. Let n(v) = 3*x(v) - 4*y(v). Let h be -4 - (0/2 + 0). List the prime factors of n(h).
7
Suppose 3*s = 5*y - 57, 3*y - 4*y - 5*s - 11 = 0. List the prime factors of y.
3
Let p(v) = v**2 + 7*v - 5. Let l be p(-7). Let a(h) = -5*h - 7. Let n be a(l). Let x = n + -11. What are the prime factors of x?
7
List the prime factors of 85 + 24/(-4) + 1.
2, 5
Let o(w) = 2*w + 10. Let u be o(-6). What are the prime factors of u - 4/(8/(-26))?
11
Let c be 2/6 + 219/(-9). List the prime factors of c*(0 - 2/3).
2
List the prime factors of -3 + 3 - (-180)/6.
2, 3, 5
Let x = 9 + -14. Suppose 2*j + 24 = 4*j. Let p = j + x. List the prime factors of p.
7
Let w be (-22)/4 - (-3)/(-6). Let m(y) = y**3 + 6*y**2 - y - 3. List the prime factors of m(w).
3
Suppose -2*x = -5*x. Suppose 3*n - 3*w = -6*w + 78, -2*w - 6 = x. What are the prime factors of n?
29
Let f = -11 - -18. Suppose 0 = -2*c + f*c - 175. List the prime factors of c/2 - (-3)/(-2).
2
Suppose 1 = -5*d + 11. Suppose -3*x - d*k = -57, x - 7 = -4*k + 2. Let j = x + -14. List the prime factors of j.
7
Suppose 0*y - 2*y + 44 = 0. What are the prime factors of y?
2, 11
Let g(c) = c + 6. List the prime factors of g(7).
13
Suppose 2*y + 8 = -3*i, -i = -2*y + 2*i + 16. Let n be (0*(3 - y))/(-1). Suppose -4*b + 33 + 23 = n. What are the prime factors of b?
2, 7
Suppose 4*i = -3*f + 25, -2*f = -5*f + 2*i + 55. What are the prime factors of f?
3, 5
Let g = 85 - 43. List the prime factors of g.
2, 3, 7
Suppose 2*d - 129 = -c, 3*d - 180 - 3 = -5*c. What are the prime factors of d?
2, 3, 11
Suppose -2*u = -f + 2*f - 111, -5*f + 583 = -4*u. What are the prime factors of f?
5, 23
Suppose 9*r = 17*r - 1224. What are the prime factors of r?
3, 17
List the prime factors of (-32)/12*66/(-4).
2, 11
Suppose 10 = -2*q + 110. Suppose -3*a - 15 = -3, -q = -3*o + 5*a. What are the prime factors of o?
2, 5
What are the prime factors of (-9)/(-18)*(2 - -44)?
23
Let m(a) = 2*a. Suppose -6 = -5*c + 4. Suppose c*j - 3 = 5. List the prime factors of m(j).
2
Let u(s) be the second derivative of s**4/6 + s**3/6 - s**2/2 - 6*s. What are the prime factors of u(-5)?
2, 11
Let d(z) = -5*z - 6. Let w be d(3). Let j(t) = -32*t**2 - t + 1. Let g be j(1). Let v = w - g. List the prime factors of v.
11
Let d = 1 + 2. Suppose 4 = d*h - 5. What are the prime factors of h?
3
Suppose 2*c + 4*n + 12 = 0, n - 2 = c - 8. Suppose 2 = 2*g - c. Suppose -12 = g*b - 40. List the prime factors of b.
2, 7
Let h(u) = -5*u. Let n be h(-1). Suppose v = -1 + n, -19 = -x - 4*v. Suppose 0 = -2*i - 4*b + 40, -2 = x*b - 11. List the prime factors of i.
2, 7
Suppose 0*m = -4*m. Suppose m = 6*f - 2*f. What are the prime factors of (-1 - (2 - f)) + 16?
13
Let y = -78 + 118. What are the prime factors of y?
2, 5
Let z(n) = -n**2 + 8*n - 9. Let t be z(6). Suppose 5 = t*g + s, 0 = 2*g + 3*s - 1 + 7. Suppose a + 17 = 2*x - 2, 4*x + g*a = 33. List the prime factors of x.
3
Let n(j) = 7 + 10 - 3 - 4*j**2 - 10*j + 3*j**2. What are the prime factors of n(-11)?
3
Let k = 62 - 38. Suppose -4*z - 4*o - 47 = -3, z = 2*o - 20. Let w = k + z. What are the prime factors of w?
2, 5
Let s(o) = 10*o - 9. Let f(i) = -5*i + 5. Let j(m) = 5*f(m) + 2*s(m). List the prime factors of j(-6).
37
Suppose -148 = -3*m - 0*b - 4*b, 0 = 5*m + 2*b - 228. What are the prime factors of m?
2, 11
Let x be (2/(-6))/((-1)/9). Suppose -x*t - 10 = 59. List the prime factors of t/(-2) - 2/4.
11
Let j(i) be the third derivative of i**5/60 + 5*i**3/2 + i**2. List the prime factors of j(0).
3, 5
Let d = 102 - 61. What are the prime factors of d?
41
Let a(c) = 23*c**3 - 2*c**2 + c. What are the prime factors of a(1)?
2, 11
Suppose -20 = -2*r - 2*r. Let q be r/5*54/2. Let h = q + -19. List the prime factors of h.
2
Suppose 223 = 4*r - 3*o, -4*r + 0*o - 5*o = -183. Suppose r = 3*l - f - f, -l = -f - 16. What are the prime factors of l?
2, 5
Let c(p) = -5*p - 3. Let r(v) be the first derivative of 5*v**2/2 + 4*v + 2. Let z(y) = -3*c(y) - 2*r(y). List the prime factors of z(2).
11
Suppose 8*m - 168 = m. What are the prime factors of m?
2, 3
Suppose 2*t + 4*q = -10, 4*t + 4*q = -q - 11. Let o(b) = 7*b**3 - 1. What are the prime factors of o(t)?
2, 3
Let a = 0 + -6. Let f = 89 + a. Suppose 2*j + 68 = -3*z + 7*z, -2*j = -5*z + f. What are the prime factors of z?
3, 5
Suppose 424 = 3*j + 5*i, 136 = j + 2*i - 7. Let g = j - 86. What are the prime factors of g?
47
Let p(z) = -33*z**3 + z. Let g be 3/(-2) - 9/(-18). List the prime factors of p(g).
2
Let u be (-3)/(3*3/(-12)). Suppose -r = -t - 0*r + 11, u*t = -4*r + 20. Suppose t = -b - 3*f - 2, 4*b - 15 = -f. What are the prime factors of b?
5
Suppose r - 12 = -4*f - 4*r, -2*f = 3*r - 6. Suppose -25 = -8*h + f*h. Suppose -10 = -2*c, i + h*c = -0*i + 34. List the prime factors of i.
3
Suppose -q = 4*q. Let v(f) = f + 13. What are the prime factors of v(q)?
13
Suppose k + z - 26 - 22 = 0, -5*k + 264 = -z. Suppose -r = 3*r - k. List the prime factors of r.
13
List the prime factors of (-1)/15*-6 + (-613)/(-5).
3, 41
Suppose -g - 95 = 5*l + 2*g, 95 = -5*l + 5*g. Let s = l + 39. What are the prime factors of s?
2, 5
Let y(h) = 2*h + 3. Let l be y(-5). Let m = 15 - l. List the prime factors of m.
2, 11
Suppose -4*q = -5*d - 9*q - 40, -5*d - 49 = 2*q. Suppose -z - 72 = -5*z. Let h = z + d. List the prime factors of h.
7
Suppose -3*r + 0 = -18. Let s(j) = j**2 + 3*j + 1. Let x be s(-3). Suppose 2*w - 2*n = 5 + x, -2*w + r = -n. List the prime factors of w.
3
Let k(z) = z**2 - 5*z + 2. Let u be k(3). Let o(n) = -2*n + 4. List the prime factors of o(u).
2, 3
Let t = -11 - -67. List the prime factors of t.
2, 7
List the prime factors of (-918)/(-24) + (-5)/4.
37
Let p = 260 + -91. Let a = p + -81. Suppose w - a = -3*w. What are the prime factors of w?
2, 11
Let q = 36 + -6. Let v be (-2)/(-5) - 102/q. Let y(u) = -3*u + 1. What are the prime factors of y(v)?
2, 5
Suppose 4*r = 3*x + x - 40, -3*r - 22 = x. What are the prime factors of 8/(-32) + (-178)/r?
2, 11
Suppose 2*q - 4 = q. Suppose 3*r + 5*h + 16 = 6*r, -q = -4*h. What are the prime factors of r?
7
Suppose 8 = r + i, 9 + 3 = 4*i. Let d(m) = m + 2 - r + 4. List the prime factors of d(2).
3
Suppose -21 = -a - 0*a. Suppose -21 = -5*d - 2*j, -4*d + j = 4*j - a. Suppose 34 = z + 5*t, 0 = d*z + t + 2*t - 54. What are the prime factors of z?
2, 7
Suppose 0 = -l - i + 48, 0*l - 148 = -3*l + i. What are the prime factors of l?
7
Let a = -2 - -12. Let d be 5*((-42)/a + 0). Let s = 30 + d. What are the prime factors of s?
3
Let g be (6/4)/(4/(-24)). Let u(k) = -k + 11. List the prime factors of u(g).
2, 5
Let o be -5 + 9 + 0 + 20. Suppose -4*k = -m - 30, 0 = 4*k + m - 5*m - o. List the prime factors of k.
2
Suppose -5*f + 477 = 3*a + 128, -226 = -2*a - 2*f. Let l = a - 56. List the prime factors of l.
2, 13
Suppose -2*t - 58 = -4*u, -2*u + 49 = -0*u - 5*t. Let j be (6/(-4))/(u/16). Let z = j - -10. What are the prime factors of z?
2
Suppose 4*h = 224 + 252. List the prime factors of h.
7, 17
Let a = 1 - -4. Suppose 7*w = 2*w + 4*g + 79, -a*w = 2*g - 103. List the prime factors of w.
19
Let r be (-2)/(-5) - (-40)/25. Suppose r*c - 8 = -2*p, 2*p = 6 + 2. Suppose 4*b - 2*t - 38 = c, -24 = -5*b - 5*t + 1. What are the prime factors of b?
2
Let d = -44 + 76. What are the prime factors of d?
2
Let i be 1/((-25)/12 + 2). Let o = 21 + i. What are the prime factors of o?
3
List the prime factors of ((-2)/6)/(2/(-294)).
7
Let u(c) = 7*c**3 - 5*c**2 - 5*c - 14. Let q(y) = 13*y**3 - 9*y**2 - 9*y - 28. Let f(w) = -6*q(w) + 11*u(w). List the prime factors of f(0).
2, 7
Suppose 3*f = 5*f + 2. Let l = 1 + f. Suppose -5*s = 3*z + 3 - 51, l = 3*s - 3*z - 24. List the prime factors of s.
3
Let u = 34 + 104. Let a be u/5 - (-2)/5. Suppose 44 + a = 4*r. What a